 the prime factors of q?
19
Suppose -39*o + 79650 = 18*o - 39*o. List the prime factors of o.
3, 5, 59
Let u = 35 - 46. Let o = -9 - u. Suppose 4*t + o*j - 844 = -182, -169 = -t + 3*j. What are the prime factors of t?
2, 83
Let h be (-19 - -15)/((-2)/2). Suppose -5*a + 0*m + 1327 = -2*m, a = h*m + 251. What are the prime factors of a?
3, 89
Let c(i) = 234*i - 191. Let t be c(22). Suppose -4*r + 0*r + 6584 = s, -4*s - t = -3*r. What are the prime factors of r?
3, 61
Let l(m) = 860*m**2 + 2*m. Let q be l(-1). Suppose -2*w + q = 2*w - 3*i, 3*w + i = 637. Let h = w - 86. List the prime factors of h.
127
Let k = 162 - 158. List the prime factors of (1 + -2)*(5 - 200) - k.
191
Suppose 0 = 5*j + 5*q - 152585, 14*q - 10*q = 3*j - 91551. List the prime factors of j.
30517
Let r be 54/42 + 2/(-7) + 658. Let h = 1318 - r. List the prime factors of h.
659
Suppose 2*i + 0 = 60. Let j be 48*3 - (-15)/(6 + -11). Suppose -27*y + i*y = j. List the prime factors of y.
47
Let c = -7 - 38. Let d be ((-190)/(-8))/((c/40)/(-9)). Suppose -4*s = -3*v + 302, 2*v - d = -s - 2*s. List the prime factors of v.
2, 7
Let f be 4*4*(-2)/(-16). Suppose 0 = x + 2*b, 4*x - f*b - 18 = -b. Suppose -x*j - 15 = -359. What are the prime factors of j?
2, 43
Let q(z) = -z**3 + 14*z**2 - 14*z + 18. Let j(p) = 14*p**2 + p. Let n be j(-1). Let i be q(n). Suppose 342 = i*k + 7. What are the prime factors of k?
67
Suppose 2*f - 21821 = 5*n, 3*f - n - 21368 = 11357. What are the prime factors of f?
2, 3, 101
Suppose -213*f + 210*f + 18 = 0. Let v(s) = 6*s + 27. List the prime factors of v(f).
3, 7
Let w(f) be the third derivative of 11*f**5/60 + f**4/3 + 6*f**3 - 13*f**2 + 5. List the prime factors of w(8).
2, 3, 67
List the prime factors of (72/54*471)/((-1)/(-12)).
2, 3, 157
Let p be (-1)/(5*2/40). Let v be (3/(-9) - 1)*(-42)/p. What are the prime factors of ((-15)/(-6) + -3)*v?
7
Let l be 7/(116/38 + -3). Let y = 144 - l. Let t(f) = -f**3 + 12*f**2 + 4*f + 23. What are the prime factors of t(y)?
2, 47
Let w = -33 + 507. Let z = w + -464. What are the prime factors of z?
2, 5
Suppose -3*l = -5*k + 55, -4*l - 20 = -0. Let f(t) = t**2 - 14*t - 23. Let w be f(-13). Suppose -k*q = -w - 128. List the prime factors of q.
3, 19
Let v be (70/(-42))/(5/(-354)). Suppose 0 = -3*t - 8 + 2, 2*z + 5*t - v = 0. List the prime factors of z.
2
Let d(s) = 17*s**3 + 11*s**2 - 9*s - 21. Let n be d(6). Suppose x - 5*y - n = -3*x, -5*x - y + 5013 = 0. What are the prime factors of x?
2, 3, 167
Let r be 3/(-6) + (-44)/8. What are the prime factors of r/(-12)*5*2384/20?
2, 149
Let o = 54 + -51. Suppose -3 = -6*r + o. What are the prime factors of (39/1)/1 - r?
2, 19
Let t = 1958 + -288. Suppose 52*s = 54*s - t. What are the prime factors of s?
5, 167
Suppose -108 = -2*q + 4*l, 4*l + 118 = q + 62. Suppose -q*y = -55*y + 4053. List the prime factors of y.
7, 193
Suppose 0*k = 5*k - 0*k. Let c be (k - -3)*(-6)/(-9). Suppose 4*y = 5*s - 133, c*y + 9 = 5*y. List the prime factors of s.
29
Let z = -562 + 498. List the prime factors of ((-28)/(-5))/(z/(-5920)).
2, 7, 37
Suppose 0 = -11*d + 16*d - 2*a + 10, 3*a - 15 = 3*d. Let i(y) = y**3 - y**2 - 3*y + 253. What are the prime factors of i(d)?
11, 23
Suppose 3*f - 2*f - 4 = -3*t, 5*t = 2*f + 25. Let i(q) = 41*q**2 - 3*q - q - t - 1 - 3*q**2. What are the prime factors of i(-2)?
2, 3, 13
Let b = 1951 + -1283. Suppose -4*i - b = -o - 2*o, 0 = -2*o - 3*i + 434. Suppose 0 = -d + 4*d - n - 330, -2*d = -4*n - o. What are the prime factors of d?
2, 5, 11
Let z be (5/(-25) + (-12)/15)*-66. Let w = z - 61. Suppose 273 = -3*r + 6*r + 4*v, -v = w*r - 455. What are the prime factors of r?
7, 13
Let i = 134 - 126. Suppose 0 = 5*v - i*v + 117. What are the prime factors of 1 + (-1)/3 - (-793)/v?
3, 7
Suppose 5*f - 10*g = -0*f + 182005, 0 = 2*f + 5*g - 72820. What are the prime factors of f?
3, 5, 809
Let d = -5010 + 8602. What are the prime factors of d?
2, 449
Let f be ((-3692)/(-39))/(2/6). Let y = 647 - f. What are the prime factors of y?
3, 11
Let d(l) = -48*l - 20. Let o be d(7). List the prime factors of (-36)/(-45)*10/(-4) - o.
2, 3, 59
Let b = -10696 - -15420. What are the prime factors of b?
2, 1181
Let h(c) = -8*c**2 + 13*c + 29967. List the prime factors of h(0).
3, 7, 1427
Let p(k) be the third derivative of -k**6/120 - k**5/5 + k**4/6 + 5*k**3/3 - 3*k**2 + 6*k. List the prime factors of p(-14).
2, 173
Let p = 34883 - 15895. What are the prime factors of p?
2, 47, 101
Suppose -212*n + 14164871 - 4004559 = 0. What are the prime factors of n?
2, 31, 773
Let a(z) = -z**2 - 417*z - 1924. What are the prime factors of a(-159)?
2, 113, 173
Let s be (-20 - -19)/((-1)/4). Suppose -b + 300 = 3*o, s*o = 4*b + 8*o - 1216. List the prime factors of b.
2, 3, 17
Let g = 2458 - 1689. Let u = -417 + g. List the prime factors of u.
2, 11
Suppose -3*w - 3*m - 2*m = -78, 0 = 4*w + 2*m - 118. Let d = w - 20. Suppose 0 = u - 33 - d. What are the prime factors of u?
2, 11
Let d(g) = g**3 + 11*g**2 + 28*g - 2. Let r be d(-7). List the prime factors of -6 - 4206/(r + -4).
5, 139
Suppose -7 = -q - 2. Suppose -3*z + 126 = 3*t, 4*z - q*t - 57 = 93. Let l = 5 + z. What are the prime factors of l?
3, 5
What are the prime factors of (-8 + -35932)*9/(-15)?
2, 3, 599
Let y = 530 - 522. List the prime factors of 176/132*1314/y.
3, 73
Suppose 2*t - 78 = -4*o, -2*t - t = 2*o - 125. Let c be t + (-5)/(-8 + 3). List the prime factors of 7*(-40)/16*c/(-10).
7, 11
Let l(x) = -5027*x + 279. List the prime factors of l(-3).
2, 3, 5
Let a(y) = 97*y**2 - y + 1. Let h be ((-2)/14*12)/((-5)/(-35)). Let w be 2/((-4)/(-1)) + (-6)/h. What are the prime factors of a(w)?
97
Let p = -778 + 7474. What are the prime factors of p?
2, 3, 31
Let t(p) = -28*p**3 + 3*p**2 + 7*p + 5. Let r be (-5 + -3)*8/32. What are the prime factors of t(r)?
227
Let j = 204 + 70. Let m = j + -625. Let x = -212 - m. What are the prime factors of x?
139
Let o(u) = -2*u**3 - 7*u**2 + 22*u + 1. Let a be (2 - 9)/(3*1/3). List the prime factors of o(a).
2, 5, 19
Suppose -4*l - 5*i = -13, l + 0*l = 5*i - 3. Let q(k) = -8*k + 3*k**2 - l*k - 2*k + 5. What are the prime factors of q(7)?
2, 17
Let y be (2 + -12)*5/((-75)/72). Let x = y + -28. What are the prime factors of 3*x/(-15) - -129?
5
Suppose 2*x - 29668 = 4*o, 0 = -2*x + 55*o - 50*o + 29675. List the prime factors of x.
2, 3, 5, 13, 19
Let l(u) = -91*u**3 + 7*u**2 + 11*u + 77. List the prime factors of l(-7).
2, 7, 23
Let v(w) = 33*w + 93. Suppose -2*l = -0*l + 2*h - 46, 3*h + 21 = 2*l. What are the prime factors of v(l)?
3, 229
Let x = 493 - 897. Let l = 754 + x. What are the prime factors of l?
2, 5, 7
Suppose -d = 4*i - 10058 - 4902, 14925 = d - i. List the prime factors of d.
2, 3733
Suppose 4*a - 31046 = -241*p + 243*p, p + 31047 = 4*a. List the prime factors of a.
2, 3881
Let p(s) = 4*s**2 + 208*s - 1098. What are the prime factors of p(51)?
2, 3, 3319
Let h(x) = 10*x - 21*x + 10*x + 30. Let o be h(12). List the prime factors of 3982/o - 1/((-45)/(-10)).
13, 17
Let y(h) = -1470*h - 6183. What are the prime factors of y(-38)?
3, 29, 571
Let c(f) = 4*f**2 + f - 1. Let j be c(5). Let u = 216 + j. What are the prime factors of u?
2, 5
Let u = -119 - -98. Let a(h) = h**2 - 3*h - 119. List the prime factors of a(u).
5, 7, 11
Suppose -10546223 - 3032182 - 1888563 = -708*b. List the prime factors of b.
2, 3, 11, 331
Let n be (65962/(-177))/((-4)/102). Suppose 20*g = 33*g - n. List the prime factors of g.
17, 43
Suppose 50*r - 316355 = -54505. List the prime factors of r.
5237
Let c be 66/44 - (-242)/4. Suppose 170 = 4*b + c. List the prime factors of b.
3
Let w(s) = 7*s**2 - 11*s - 3. Let x be w(8). Let y(d) = 29*d + 90. Let u be y(9). Suppose x + u = 4*a. What are the prime factors of a?
3, 59
Let b = 5882 - 1539. List the prime factors of b.
43, 101
Suppose 1094*t + 224256 = 1222*t. What are the prime factors of t?
2, 3, 73
Let y = 903 + -903. Suppose y = -4*z + 2*l + 1348, -l + 13 - 15 = 0. What are the prime factors of z?
2, 3, 7
Suppose 5*y - o = 135793, -11*y - 27213 = -12*y + 7*o. List the prime factors of y.
13, 2089
Suppose -23*o - 22044 = -158733. What are the prime factors of o?
3, 7, 283
Suppose o = -3*m + 35961, 5*o - 17*m - 179855 = -22*m. What are the prime factors of o?
2, 3, 149